{"id":21,"date":"2022-12-01T04:13:01","date_gmt":"2022-12-01T04:13:01","guid":{"rendered":"https:\/\/demo.ovatheme.com\/prooty\/?page_id=21"},"modified":"2025-06-23T14:23:06","modified_gmt":"2025-06-23T17:23:06","slug":"nosotros","status":"publish","type":"page","link":"https:\/\/cabanaselbosquemaitencillo.cl\/index.php\/nosotros\/","title":{"rendered":"NOSOTROS"},"content":{"rendered":"\t\t<div data-elementor-type=\"wp-page\" data-elementor-id=\"21\" class=\"elementor elementor-21\">\n\t\t\t\t\t\t<section class=\"elementor-section elementor-top-section elementor-element elementor-element-f8825f0 elementor-section-boxed elementor-section-height-default elementor-section-height-default\" data-id=\"f8825f0\" data-element_type=\"section\" data-settings=\"{&quot;background_background&quot;:&quot;classic&quot;}\">\n\t\t\t\t\t\t\t<div class=\"elementor-background-overlay\"><\/div>\n\t\t\t\t\t\t\t<div class=\"elementor-container elementor-column-gap-no\">\n\t\t\t\t\t<div class=\"elementor-column elementor-col-50 elementor-top-column elementor-element elementor-element-5ff8d0e\" data-id=\"5ff8d0e\" data-element_type=\"column\">\n\t\t\t<div class=\"elementor-widget-wrap elementor-element-populated\">\n\t\t\t\t\t\t<div class=\"elementor-element elementor-element-ad57d81 elementor-widget elementor-widget-prooty_elementor_heading\" data-id=\"ad57d81\" data-element_type=\"widget\" data-settings=\"{&quot;invert_background_image_color&quot;:&quot;no&quot;}\" data-widget_type=\"prooty_elementor_heading.default\">\n\t\t\t\t<div class=\"elementor-widget-container\">\n\t\t\t\t\t\n\t\t<div class=\"ova-heading\">\n            \n            <div class=\"top-heading \">\n\n            \t\t\t\t\t\t<div class=\"sub-title-wrapper\">\n\t\t\t\t\t\t\t\t\t\t\t\t\t<span class=\"sub-title-pre\">\/\/<\/span>\n\t\t\t\t\t\t\t\t\t\t\t\t<h3 class=\"sub-title\">SOMOS<\/h3>\n\t\t\t\t\t<\/div>\n\t\t\t\t\n\t\t\t\t\n\t\t\t\t\t\t\n\t\t\t\t\t\t\t<h2 class=\"title\">Caba\u00f1as El Bosque de Maitencillo<\/h2>\n\n\t\t\t\t\t\t\n\t\t\t\t\n            <\/div>\n\n\t\t\t\t\t\t\t<p class=\"description\">El objetivo principal es la desconexi\u00f3n y la alegr\u00eda.\n32 a\u00f1os entregando relajo...\nNuestra idea es llenar la Tierra con la luz y la calidez de la hospitalidad al ofrecer experiencias excepcionales en todas nuestras caba\u00f1as, a todos los hu\u00e9spedes, en todo momento.<\/p>\n\t\t\t\n\t\t<\/div>\n\t\t \t\n\t\t\t\t\t\t<\/div>\n\t\t\t\t<\/div>\n\t\t\t\t<div class=\"elementor-element elementor-element-fabc3c1 elementor-widget elementor-widget-prooty_elementor_ova_icon_list\" data-id=\"fabc3c1\" data-element_type=\"widget\" data-widget_type=\"prooty_elementor_ova_icon_list.default\">\n\t\t\t\t<div class=\"elementor-widget-container\">\n\t\t\t\t\t\n\t\t \t\n\t            <div class=\"ova-icon-list ova-icon-list-template1 two_column\">\n\t            \t\n\t\t\t         \n\t\t\t\t\t<div class=\"item\">\n\t\t\t\t\t\t\t\t\t\t\t\t\t<div class=\"icon\">\n\t\t\t\t\t\t\t\t<i class=\"fas fa-bed\"><\/i>\n\t\t\t\t\t\t\t<\/div>\n\t\t\t\t\t\t\n\t\t\t\t\t\t\t\t\t\t\t\t\t<h3 class=\"title\">\n\t\t\t\t\t\t\t\t\t\t\n\t\t\t                    \t\t\t\t\t\t\t\t\t10 caba\u00f1as\t\t\t\t\t\t\t    \n\t\t\t\t\t\t\t<\/h3>\n\t\t\t\t\t\t\t\t\t\t\t<\/div>\n\n\t\t\t\t\t\n\t\t\t\t\t<div class=\"item\">\n\t\t\t\t\t\t\t\t\t\t\t\t\t<div class=\"icon\">\n\t\t\t\t\t\t\t\t<i class=\"far fa-eye\"><\/i>\n\t\t\t\t\t\t\t<\/div>\n\t\t\t\t\t\t\n\t\t\t\t\t\t\t\t\t\t\t\t\t<h3 class=\"title\">\n\t\t\t\t\t\t\t\t\t\t\n\t\t\t                    \t\t\t\t\t\t\t\t\tEspectacular vista\t\t\t\t\t\t\t    \n\t\t\t\t\t\t\t<\/h3>\n\t\t\t\t\t\t\t\t\t\t\t<\/div>\n\n\t\t\t\t\t\n\t\t\t\t\t<div class=\"item\">\n\t\t\t\t\t\t\t\t\t\t\t\t\t<div class=\"icon\">\n\t\t\t\t\t\t\t\t<i class=\"fas fa-umbrella-beach\"><\/i>\n\t\t\t\t\t\t\t<\/div>\n\t\t\t\t\t\t\n\t\t\t\t\t\t\t\t\t\t\t\t\t<h3 class=\"title\">\n\t\t\t\t\t\t\t\t\t\t\n\t\t\t                    \t\t\t\t\t\t\t\t\tA pasos de la playa\t\t\t\t\t\t\t    \n\t\t\t\t\t\t\t<\/h3>\n\t\t\t\t\t\t\t\t\t\t\t<\/div>\n\n\t\t\t\t\t\n\t\t\t\t\t<div class=\"item\">\n\t\t\t\t\t\t\t\t\t\t\t\t\t<div class=\"icon\">\n\t\t\t\t\t\t\t\t<i class=\"ovaicon ovaicon-group\"><\/i>\n\t\t\t\t\t\t\t<\/div>\n\t\t\t\t\t\t\n\t\t\t\t\t\t\t\t\t\t\t\t\t<h3 class=\"title\">\n\t\t\t\t\t\t\t\t\t\t\n\t\t\t                    \t\t\t\t\t\t\t\t\tAmbiente familiar\t\t\t\t\t\t\t    \n\t\t\t\t\t\t\t<\/h3>\n\t\t\t\t\t\t\t\t\t\t\t<\/div>\n\n\t\t\t\t\t\n\t\t\t\t<\/div>\n\n\t\t\t\n\t\t\t\t\t\t<\/div>\n\t\t\t\t<\/div>\n\t\t\t\t\t<\/div>\n\t\t<\/div>\n\t\t\t\t<div class=\"elementor-column elementor-col-50 elementor-top-column elementor-element elementor-element-75d5724 prooty_stretch_column_right\" data-id=\"75d5724\" data-element_type=\"column\">\n\t\t\t<div class=\"elementor-widget-wrap elementor-element-populated\">\n\t\t\t\t\t\t<div class=\"elementor-element elementor-element-ecbda8c elementor-widget elementor-widget-prooty_elementor_image\" data-id=\"ecbda8c\" data-element_type=\"widget\" data-widget_type=\"prooty_elementor_image.default\">\n\t\t\t\t<div class=\"elementor-widget-container\">\n\t\t\t\t\t\n\t\t\t<div class=\"ova-image template_1\">\n                \n                <div class=\"ova-image-content\">\n                    \n                    \t                \t<span class=\"text overlay\"><\/span>\n\t\t\t\t\t\n\t\t\t\t\t<img decoding=\"async\" src=\"https:\/\/elbosquemaitencillo.cl\/wp-content\/uploads\/2023\/09\/Screenshot_2165.jpg\" alt=\"\">\n\n\t\t\t\t\t\n                <\/div>\t\n\n                \n\t\t\t<\/div>\n\t\t \t\n\t\t\t\t\t\t<\/div>\n\t\t\t\t<\/div>\n\t\t\t\t\t<\/div>\n\t\t<\/div>\n\t\t\t\t\t<\/div>\n\t\t<\/section>\n\t\t\t\t<section class=\"elementor-section elementor-top-section elementor-element elementor-element-5090a0b elementor-section-boxed elementor-section-height-default elementor-section-height-default\" data-id=\"5090a0b\" data-element_type=\"section\">\n\t\t\t\t\t\t<div class=\"elementor-container elementor-column-gap-default\">\n\t\t\t\t\t<div class=\"elementor-column elementor-col-100 elementor-top-column elementor-element elementor-element-cf9044a\" data-id=\"cf9044a\" data-element_type=\"column\">\n\t\t\t<div class=\"elementor-widget-wrap elementor-element-populated\">\n\t\t\t\t\t\t<div class=\"elementor-element elementor-element-7dbd2b6 elementor-widget elementor-widget-prooty_elementor_heading\" data-id=\"7dbd2b6\" data-element_type=\"widget\" data-settings=\"{&quot;invert_background_image_color&quot;:&quot;no&quot;}\" data-widget_type=\"prooty_elementor_heading.default\">\n\t\t\t\t<div class=\"elementor-widget-container\">\n\t\t\t\t\t\n\t\t<div class=\"ova-heading\">\n            \n            <div class=\"top-heading \">\n\n            \t\t\t\t\t\t<div class=\"sub-title-wrapper\">\n\t\t\t\t\t\t\t\t\t\t\t\t\t<span class=\"sub-title-pre\">\/\/<\/span>\n\t\t\t\t\t\t\t\t\t\t\t\t<h3 class=\"sub-title\">SOMOS<\/h3>\n\t\t\t\t\t<\/div>\n\t\t\t\t\n\t\t\t\t\n\t\t\t\t\t\t\n\t\t\t\t\t\t\t<h2 class=\"title\">Servicios<\/h2>\n\n\t\t\t\t\t\t\n\t\t\t\t\n            <\/div>\n\n\t\t\t\n\t\t<\/div>\n\t\t \t\n\t\t\t\t\t\t<\/div>\n\t\t\t\t<\/div>\n\t\t\t\t<section class=\"elementor-section elementor-inner-section elementor-element elementor-element-39f79ab elementor-section-boxed elementor-section-height-default elementor-section-height-default\" data-id=\"39f79ab\" data-element_type=\"section\">\n\t\t\t\t\t\t<div class=\"elementor-container elementor-column-gap-default\">\n\t\t\t\t\t<div class=\"elementor-column elementor-col-20 elementor-inner-column elementor-element elementor-element-62c5dd5\" data-id=\"62c5dd5\" data-element_type=\"column\">\n\t\t\t<div class=\"elementor-widget-wrap elementor-element-populated\">\n\t\t\t\t\t\t<div class=\"elementor-element elementor-element-d992f23 elementor-widget elementor-widget-image\" data-id=\"d992f23\" data-element_type=\"widget\" data-widget_type=\"image.default\">\n\t\t\t\t<div class=\"elementor-widget-container\">\n\t\t\t\t\t\t\t\t\t\t\t\t\t\t\t<img fetchpriority=\"high\" decoding=\"async\" width=\"300\" height=\"300\" src=\"https:\/\/cabanaselbosquemaitencillo.cl\/wp-content\/uploads\/2023\/09\/icon-11-300x300-1.png\" class=\"attachment-large size-large wp-image-5592\" alt=\"\" srcset=\"https:\/\/cabanaselbosquemaitencillo.cl\/wp-content\/uploads\/2023\/09\/icon-11-300x300-1.png 300w, https:\/\/cabanaselbosquemaitencillo.cl\/wp-content\/uploads\/2023\/09\/icon-11-300x300-1-150x150.png 150w\" sizes=\"(max-width: 300px) 100vw, 300px\" \/>\t\t\t\t\t\t\t\t\t\t\t\t\t\t\t<\/div>\n\t\t\t\t<\/div>\n\t\t\t\t<div class=\"elementor-element elementor-element-8660988 elementor-widget elementor-widget-heading\" data-id=\"8660988\" data-element_type=\"widget\" data-widget_type=\"heading.default\">\n\t\t\t\t<div class=\"elementor-widget-container\">\n\t\t\t\t\t<h2 class=\"elementor-heading-title elementor-size-default\">Informaci\u00f3n tur\u00edstica<\/h2>\t\t\t\t<\/div>\n\t\t\t\t<\/div>\n\t\t\t\t\t<\/div>\n\t\t<\/div>\n\t\t\t\t<div class=\"elementor-column elementor-col-20 elementor-inner-column elementor-element elementor-element-b09471d\" data-id=\"b09471d\" data-element_type=\"column\">\n\t\t\t<div class=\"elementor-widget-wrap elementor-element-populated\">\n\t\t\t\t\t\t<div class=\"elementor-element elementor-element-f791b73 elementor-widget elementor-widget-image\" data-id=\"f791b73\" data-element_type=\"widget\" data-widget_type=\"image.default\">\n\t\t\t\t<div class=\"elementor-widget-container\">\n\t\t\t\t\t\t\t\t\t\t\t\t\t\t\t<img decoding=\"async\" width=\"300\" height=\"300\" src=\"https:\/\/cabanaselbosquemaitencillo.cl\/wp-content\/uploads\/2023\/09\/icon-05-300x300-1.png\" class=\"attachment-large size-large wp-image-5596\" alt=\"\" srcset=\"https:\/\/cabanaselbosquemaitencillo.cl\/wp-content\/uploads\/2023\/09\/icon-05-300x300-1.png 300w, https:\/\/cabanaselbosquemaitencillo.cl\/wp-content\/uploads\/2023\/09\/icon-05-300x300-1-150x150.png 150w\" sizes=\"(max-width: 300px) 100vw, 300px\" \/>\t\t\t\t\t\t\t\t\t\t\t\t\t\t\t<\/div>\n\t\t\t\t<\/div>\n\t\t\t\t<div class=\"elementor-element elementor-element-6e3ef05 elementor-widget elementor-widget-heading\" data-id=\"6e3ef05\" data-element_type=\"widget\" data-widget_type=\"heading.default\">\n\t\t\t\t<div class=\"elementor-widget-container\">\n\t\t\t\t\t<h2 class=\"elementor-heading-title elementor-size-default\">Recepci\u00f3n 24x7<\/h2>\t\t\t\t<\/div>\n\t\t\t\t<\/div>\n\t\t\t\t\t<\/div>\n\t\t<\/div>\n\t\t\t\t<div class=\"elementor-column elementor-col-20 elementor-inner-column elementor-element elementor-element-ecff5f0\" data-id=\"ecff5f0\" data-element_type=\"column\">\n\t\t\t<div class=\"elementor-widget-wrap elementor-element-populated\">\n\t\t\t\t\t\t<div class=\"elementor-element elementor-element-894a24c elementor-widget elementor-widget-image\" data-id=\"894a24c\" data-element_type=\"widget\" data-widget_type=\"image.default\">\n\t\t\t\t<div class=\"elementor-widget-container\">\n\t\t\t\t\t\t\t\t\t\t\t\t\t\t\t<img decoding=\"async\" width=\"300\" height=\"300\" src=\"https:\/\/cabanaselbosquemaitencillo.cl\/wp-content\/uploads\/2023\/09\/icon-06-300x300-1.png\" class=\"attachment-large size-large wp-image-5595\" alt=\"\" srcset=\"https:\/\/cabanaselbosquemaitencillo.cl\/wp-content\/uploads\/2023\/09\/icon-06-300x300-1.png 300w, https:\/\/cabanaselbosquemaitencillo.cl\/wp-content\/uploads\/2023\/09\/icon-06-300x300-1-150x150.png 150w\" sizes=\"(max-width: 300px) 100vw, 300px\" \/>\t\t\t\t\t\t\t\t\t\t\t\t\t\t\t<\/div>\n\t\t\t\t<\/div>\n\t\t\t\t<div class=\"elementor-element elementor-element-931055e elementor-widget elementor-widget-heading\" data-id=\"931055e\" data-element_type=\"widget\" data-widget_type=\"heading.default\">\n\t\t\t\t<div class=\"elementor-widget-container\">\n\t\t\t\t\t<h2 class=\"elementor-heading-title elementor-size-default\">Tours<\/h2>\t\t\t\t<\/div>\n\t\t\t\t<\/div>\n\t\t\t\t\t<\/div>\n\t\t<\/div>\n\t\t\t\t<div class=\"elementor-column elementor-col-20 elementor-inner-column elementor-element elementor-element-e38227d\" data-id=\"e38227d\" data-element_type=\"column\">\n\t\t\t<div class=\"elementor-widget-wrap elementor-element-populated\">\n\t\t\t\t\t\t<div class=\"elementor-element elementor-element-f138891 elementor-widget elementor-widget-image\" data-id=\"f138891\" data-element_type=\"widget\" data-widget_type=\"image.default\">\n\t\t\t\t<div class=\"elementor-widget-container\">\n\t\t\t\t\t\t\t\t\t\t\t\t\t\t\t<img loading=\"lazy\" decoding=\"async\" width=\"300\" height=\"300\" src=\"https:\/\/cabanaselbosquemaitencillo.cl\/wp-content\/uploads\/2023\/09\/icon-12-300x300-1.png\" class=\"attachment-large size-large wp-image-5594\" alt=\"\" srcset=\"https:\/\/cabanaselbosquemaitencillo.cl\/wp-content\/uploads\/2023\/09\/icon-12-300x300-1.png 300w, https:\/\/cabanaselbosquemaitencillo.cl\/wp-content\/uploads\/2023\/09\/icon-12-300x300-1-150x150.png 150w\" sizes=\"(max-width: 300px) 100vw, 300px\" \/>\t\t\t\t\t\t\t\t\t\t\t\t\t\t\t<\/div>\n\t\t\t\t<\/div>\n\t\t\t\t<div class=\"elementor-element elementor-element-ae32bb7 elementor-widget elementor-widget-heading\" data-id=\"ae32bb7\" data-element_type=\"widget\" data-widget_type=\"heading.default\">\n\t\t\t\t<div class=\"elementor-widget-container\">\n\t\t\t\t\t<h2 class=\"elementor-heading-title elementor-size-default\">Asaderas<\/h2>\t\t\t\t<\/div>\n\t\t\t\t<\/div>\n\t\t\t\t\t<\/div>\n\t\t<\/div>\n\t\t\t\t<div class=\"elementor-column elementor-col-20 elementor-inner-column elementor-element elementor-element-6200b5d\" data-id=\"6200b5d\" data-element_type=\"column\">\n\t\t\t<div class=\"elementor-widget-wrap elementor-element-populated\">\n\t\t\t\t\t\t<div class=\"elementor-element elementor-element-63e0ae4 elementor-widget elementor-widget-image\" data-id=\"63e0ae4\" data-element_type=\"widget\" data-widget_type=\"image.default\">\n\t\t\t\t<div class=\"elementor-widget-container\">\n\t\t\t\t\t\t\t\t\t\t\t\t\t\t\t<img loading=\"lazy\" decoding=\"async\" width=\"300\" height=\"300\" src=\"https:\/\/cabanaselbosquemaitencillo.cl\/wp-content\/uploads\/2023\/09\/icon-08-300x300-1.png\" class=\"attachment-large size-large wp-image-5593\" alt=\"\" srcset=\"https:\/\/cabanaselbosquemaitencillo.cl\/wp-content\/uploads\/2023\/09\/icon-08-300x300-1.png 300w, https:\/\/cabanaselbosquemaitencillo.cl\/wp-content\/uploads\/2023\/09\/icon-08-300x300-1-150x150.png 150w\" sizes=\"(max-width: 300px) 100vw, 300px\" \/>\t\t\t\t\t\t\t\t\t\t\t\t\t\t\t<\/div>\n\t\t\t\t<\/div>\n\t\t\t\t<div class=\"elementor-element elementor-element-a840e15 elementor-widget elementor-widget-heading\" data-id=\"a840e15\" data-element_type=\"widget\" data-widget_type=\"heading.default\">\n\t\t\t\t<div class=\"elementor-widget-container\">\n\t\t\t\t\t<h2 class=\"elementor-heading-title elementor-size-default\">Wifi<\/h2>\t\t\t\t<\/div>\n\t\t\t\t<\/div>\n\t\t\t\t\t<\/div>\n\t\t<\/div>\n\t\t\t\t\t<\/div>\n\t\t<\/section>\n\t\t\t\t\t<\/div>\n\t\t<\/div>\n\t\t\t\t\t<\/div>\n\t\t<\/section>\n\t\t\t\t<section class=\"elementor-section elementor-top-section elementor-element elementor-element-a3d70e4 elementor-section-boxed elementor-section-height-default elementor-section-height-default\" data-id=\"a3d70e4\" data-element_type=\"section\" data-settings=\"{&quot;background_background&quot;:&quot;classic&quot;}\">\n\t\t\t\t\t\t\t<div class=\"elementor-background-overlay\"><\/div>\n\t\t\t\t\t\t\t<div class=\"elementor-container elementor-column-gap-default\">\n\t\t\t\t\t<div class=\"elementor-column elementor-col-100 elementor-top-column elementor-element elementor-element-7036f11\" data-id=\"7036f11\" data-element_type=\"column\">\n\t\t\t<div class=\"elementor-widget-wrap elementor-element-populated\">\n\t\t\t\t\t\t<div class=\"elementor-element elementor-element-4958ce4 elementor-widget elementor-widget-heading\" data-id=\"4958ce4\" data-element_type=\"widget\" data-widget_type=\"heading.default\">\n\t\t\t\t<div class=\"elementor-widget-container\">\n\t\t\t\t\t<h2 class=\"elementor-heading-title elementor-size-default\">Disfruta un momento \u00fanico en un lugar incre\u00edble<\/h2>\t\t\t\t<\/div>\n\t\t\t\t<\/div>\n\t\t\t\t<div class=\"elementor-element elementor-element-cb20fa5 elementor-align-center elementor-widget elementor-widget-button\" data-id=\"cb20fa5\" data-element_type=\"widget\" data-widget_type=\"button.default\">\n\t\t\t\t<div class=\"elementor-widget-container\">\n\t\t\t\t\t\t\t\t\t<div class=\"elementor-button-wrapper\">\n\t\t\t\t\t<a class=\"elementor-button elementor-button-link elementor-size-sm\" href=\"https:\/\/demo.ovatheme.com\/prooty\/apartment\/studio-apartment\/\">\n\t\t\t\t\t\t<span class=\"elementor-button-content-wrapper\">\n\t\t\t\t\t\t\t\t\t<span class=\"elementor-button-text\">RSERVAR CABA\u00d1AS<\/span>\n\t\t\t\t\t<\/span>\n\t\t\t\t\t<\/a>\n\t\t\t\t<\/div>\n\t\t\t\t\t\t\t\t<\/div>\n\t\t\t\t<\/div>\n\t\t\t\t\t<\/div>\n\t\t<\/div>\n\t\t\t\t\t<\/div>\n\t\t<\/section>\n\t\t\t\t<\/div>\n\t\t","protected":false},"excerpt":{"rendered":"<p>\/\/ SOMOS Caba\u00f1as El Bosque de Maitencillo El objetivo principal es la desconexi\u00f3n y la alegr\u00eda. 32 a\u00f1os entregando relajo&#8230; Nuestra idea es llenar la Tierra con la luz y la calidez de la hospitalidad al ofrecer experiencias excepcionales en todas nuestras caba\u00f1as, a todos los hu\u00e9spedes, en todo momento. 10 caba\u00f1as Espectacular vista A [&hellip;]<\/p>\n","protected":false},"author":1,"featured_media":0,"parent":0,"menu_order":0,"comment_status":"closed","ping_status":"closed","template":"elementor_header_footer","meta":{"footnotes":""},"class_list":["post-21","page","type-page","status-publish","hentry"],"_links":{"self":[{"href":"https:\/\/cabanaselbosquemaitencillo.cl\/index.php\/wp-json\/wp\/v2\/pages\/21","targetHints":{"allow":["GET"]}}],"collection":[{"href":"https:\/\/cabanaselbosquemaitencillo.cl\/index.php\/wp-json\/wp\/v2\/pages"}],"about":[{"href":"https:\/\/cabanaselbosquemaitencillo.cl\/index.php\/wp-json\/wp\/v2\/types\/page"}],"author":[{"embeddable":true,"href":"https:\/\/cabanaselbosquemaitencillo.cl\/index.php\/wp-json\/wp\/v2\/users\/1"}],"replies":[{"embeddable":true,"href":"https:\/\/cabanaselbosquemaitencillo.cl\/index.php\/wp-json\/wp\/v2\/comments?post=21"}],"version-history":[{"count":18,"href":"https:\/\/cabanaselbosquemaitencillo.cl\/index.php\/wp-json\/wp\/v2\/pages\/21\/revisions"}],"predecessor-version":[{"id":5988,"href":"https:\/\/cabanaselbosquemaitencillo.cl\/index.php\/wp-json\/wp\/v2\/pages\/21\/revisions\/5988"}],"wp:attachment":[{"href":"https:\/\/cabanaselbosquemaitencillo.cl\/index.php\/wp-json\/wp\/v2\/media?parent=21"}],"curies":[{"name":"wp","href":"https:\/\/api.w.org\/{rel}","templated":true}]}}